{"id":547,"date":"2024-10-08T06:09:01","date_gmt":"2024-10-08T06:09:01","guid":{"rendered":"https:\/\/matematicasmuyfaciles.com\/?post_type=product&#038;p=547"},"modified":"2024-10-08T06:09:01","modified_gmt":"2024-10-08T06:09:01","slug":"por-que-no-entiendo-calculo-vectorial-o-multi-variable-pdf","status":"publish","type":"product","link":"https:\/\/matematicasmuyfaciles.com\/index.php\/producto\/por-que-no-entiendo-calculo-vectorial-o-multi-variable-pdf\/","title":{"rendered":"\u00bfPor qu\u00e9 No entiendo C\u00e1lculo Vectorial, o multi variable? (PDF)"},"content":{"rendered":"<p><span style=\"font-weight: 400;\">Son libros que te muestran c\u00f3mo te equivocas y te ense\u00f1an a no equivocarte m\u00e1s.<br \/>\n<\/span><span style=\"font-weight: 400;\">Su redacci\u00f3n es como si te estuviera hablando un compa\u00f1ero de tu nivel, pero con pleno conocimiento de lo que te habla.<br \/>\n<\/span><span style=\"font-weight: 400;\">No te arrepentir\u00e1s de adquirir cualquiera de estos libros, pues ver\u00e1s que con tan poco dinero, lograr\u00e1s llevarte a un maestro a tu casa, que resolver\u00e1 todas tus dudas.<br \/>\n<\/span><span style=\"font-weight: 400;\">CONTACTAME\u00a0 si deseas m\u00e1s explicaci\u00f3n sobre ellos, o si los prefieres en FORMA FISICA <\/span><span style=\"font-weight: 400;\">mi correo: <\/span><a href=\"mailto:majapea@hotmail.com\"><span style=\"font-weight: 400;\">majapea@hotmail.com<\/span><\/a><\/p>\n","protected":false},"excerpt":{"rendered":"<p><span style=\"font-weight: 400;\">Te muestra para empezar los vectores, que aunque los viste en el libro de \u00e1lgebra lineal, tambi\u00e9n los trae este programa. Despu\u00e9s te introduce al tema de curvas planas as\u00ed como ecuaciones param\u00e9tricas y coordenadas polares. Te ense\u00f1a la derivada de una funci\u00f3n param\u00e9trica as\u00ed como repasa el tema de c\u00e1lculo integral de longitud de arco en forma param\u00e9trica, te ense\u00f1a a graficar funciones en coordenadas polares con los programas Desmos, Geogebra y Winplot<\/span><\/p>\n<p><span style=\"font-weight: 400;\">Te muestra para una funci\u00f3n vectorial de una variable real. Te ense\u00f1ar\u00e1 como obtener l\u00edmites y continuidad, derivaci\u00f3n de funciones vectoriales, integraci\u00f3n de funciones vectoriales, longitud de arco en forma param\u00e9trica (un poco m\u00e1s complicada), pero ver\u00e1s que es muy sencilla. Vector tangente, normal, binormal y curvatura. Te ense\u00f1a de manera correcta las derivadas parciales. Las de orden superior, parciales de 2do orden mixtas, diferencial total, te introduce a las diferenciales exactas, la derivada direccional, derivada parcial impl\u00edcita, Coordenadas cil\u00edndricas y esf\u00e9ricas y lo que es divergencia y rotacional. Te lleva de la mano para entender las integrales m\u00faltiples en 2 y 3 variables, para obtenci\u00f3n de \u00e1reas, vol\u00famenes y centroides en coordenadas polares y esf\u00e9ricas.<\/span><\/p>\n","protected":false},"featured_media":549,"comment_status":"open","ping_status":"closed","template":"","meta":{"neve_meta_sidebar":"","neve_meta_container":"","neve_meta_enable_content_width":"off","neve_meta_content_width":100,"neve_meta_title_alignment":"","neve_meta_author_avatar":"","neve_post_elements_order":"","neve_meta_disable_header":"","neve_meta_disable_footer":"","neve_meta_disable_title":"","neve_meta_reading_time":"","_themeisle_gutenberg_block_has_review":false},"product_cat":[24],"product_tag":[],"class_list":{"0":"post-547","1":"product","2":"type-product","3":"status-publish","4":"has-post-thumbnail","6":"product_cat-libro-digital-pdf","8":"first","9":"instock","10":"downloadable","11":"virtual","12":"taxable","13":"purchasable","14":"product-type-simple"},"_links":{"self":[{"href":"https:\/\/matematicasmuyfaciles.com\/index.php\/wp-json\/wp\/v2\/product\/547"}],"collection":[{"href":"https:\/\/matematicasmuyfaciles.com\/index.php\/wp-json\/wp\/v2\/product"}],"about":[{"href":"https:\/\/matematicasmuyfaciles.com\/index.php\/wp-json\/wp\/v2\/types\/product"}],"replies":[{"embeddable":true,"href":"https:\/\/matematicasmuyfaciles.com\/index.php\/wp-json\/wp\/v2\/comments?post=547"}],"wp:featuredmedia":[{"embeddable":true,"href":"https:\/\/matematicasmuyfaciles.com\/index.php\/wp-json\/wp\/v2\/media\/549"}],"wp:attachment":[{"href":"https:\/\/matematicasmuyfaciles.com\/index.php\/wp-json\/wp\/v2\/media?parent=547"}],"wp:term":[{"taxonomy":"product_cat","embeddable":true,"href":"https:\/\/matematicasmuyfaciles.com\/index.php\/wp-json\/wp\/v2\/product_cat?post=547"},{"taxonomy":"product_tag","embeddable":true,"href":"https:\/\/matematicasmuyfaciles.com\/index.php\/wp-json\/wp\/v2\/product_tag?post=547"}],"curies":[{"name":"wp","href":"https:\/\/api.w.org\/{rel}","templated":true}]}}